{"id":488,"date":"2016-08-04T13:54:47","date_gmt":"2016-08-04T13:54:47","guid":{"rendered":"http:\/\/www.multi-extrakt.ch\/fr\/?page_id=488"},"modified":"2022-02-25T15:53:01","modified_gmt":"2022-02-25T14:53:01","slug":"propres-marques","status":"publish","type":"page","link":"https:\/\/www.multi-extrakt.ch\/fr\/propres-marques\/","title":{"rendered":"Nos propres marques"},"content":{"rendered":"<div class=\"fusion-fullwidth fullwidth-box fusion-builder-row-1 nonhundred-percent-fullwidth non-hundred-percent-height-scrolling\" style=\"--awb-background-position:left top;--awb-border-radius-top-left:0px;--awb-border-radius-top-right:0px;--awb-border-radius-bottom-right:0px;--awb-border-radius-bottom-left:0px;--awb-padding-top:20px;--awb-padding-bottom:20px;--awb-border-sizes-top:0px;--awb-border-sizes-bottom:0px;--awb-flex-wrap:wrap;\" ><div class=\"fusion-builder-row fusion-row\"><div class=\"fusion-layout-column fusion_builder_column fusion-builder-column-0 fusion_builder_column_1_1 1_1 fusion-one-full fusion-column-first fusion-column-last fusion-column-no-min-height\" style=\"--awb-bg-size:cover;--awb-margin-bottom:0px;\"><div class=\"fusion-column-wrapper fusion-flex-column-wrapper-legacy\"><div class=\"fusion-text fusion-text-1\"><p>La plupart de nos clients d\u00e9sirent la commercialisation des produits (fabriqu\u00e9s par nous-m\u00eame) sous leurs propres marques et label.<\/p>\n<p>C\u2019est pourquoi le plus souvent, notre nom ne figure pas sur nos produits.<\/p>\n<p>Mais nous pouvons aussi mettre \u00e0 votre disposition nos propres marques:<\/p>\n<\/div><div class=\"fusion-clearfix\"><\/div><\/div><\/div><div class=\"fusion-layout-column fusion_builder_column fusion-builder-column-1 fusion_builder_column_1_4 1_4 fusion-one-fourth fusion-column-first\" style=\"--awb-bg-size:cover;width:22%; margin-right: 4%;\"><div class=\"fusion-column-wrapper fusion-flex-column-wrapper-legacy\"><div class=\"fusion-reading-box-container reading-box-container-1 hausmarken-box\" style=\"--awb-title-color:#333333;--awb-margin-top:0px;--awb-margin-bottom:84px;\"><div class=\"reading-box\" style=\"background-color:#f6f6f6;border-width:1px;border-color:#f6f6f6;border-top-width:3px;border-top-color:var(--primary_color);border-style:solid;\"><div class=\"reading-box-additional\"><img decoding=\"async\" class=\"alignnone wp-image-29\" src=\"https:\/\/www.multi-extrakt.ch\/wp-content\/uploads\/2015\/10\/logo_bevita.gif\" alt=\"Logo Bevita\" width=\"88\" height=\"38\" \/><\/p>\n<p>BEVITA &#8211; La marque pour les caf\u00e9s et les caf\u00e9s m\u00e9lang\u00e9s.<\/div><div class=\"fusion-clearfix\"><\/div><\/div><\/div><div class=\"fusion-clearfix\"><\/div><\/div><\/div><div class=\"fusion-layout-column fusion_builder_column fusion-builder-column-2 fusion_builder_column_1_4 1_4 fusion-one-fourth\" style=\"--awb-bg-size:cover;width:22%; margin-right: 4%;\"><div class=\"fusion-column-wrapper fusion-flex-column-wrapper-legacy\"><div class=\"fusion-reading-box-container reading-box-container-2 hausmarken-box\" style=\"--awb-title-color:#333333;--awb-margin-top:0px;--awb-margin-bottom:84px;\"><div class=\"reading-box\" style=\"background-color:#f6f6f6;border-width:1px;border-color:#f6f6f6;border-top-width:3px;border-top-color:var(--primary_color);border-style:solid;\"><div class=\"reading-box-additional\"><img decoding=\"async\" class=\"alignnone wp-image-28\" src=\"https:\/\/www.multi-extrakt.ch\/wp-content\/uploads\/2015\/10\/logo_bevica.gif\" alt=\"Logo Bevica\" width=\"69\" height=\"38\" \/><\/p>\n<p>BEVICA &#8211; Le succ\u00e9dan\u00e9 torr\u00e9fi\u00e9 classique, pour les connaisseurs de boissons aux c\u00e9r\u00e9ales.<\/div><div class=\"fusion-clearfix\"><\/div><\/div><\/div><div class=\"fusion-clearfix\"><\/div><\/div><\/div><div class=\"fusion-layout-column fusion_builder_column fusion-builder-column-3 fusion_builder_column_1_4 1_4 fusion-one-fourth\" style=\"--awb-bg-size:cover;width:22%; margin-right: 4%;\"><div class=\"fusion-column-wrapper fusion-flex-column-wrapper-legacy\"><div class=\"fusion-reading-box-container reading-box-container-3 hausmarken-box\" style=\"--awb-title-color:#333333;--awb-margin-top:0px;--awb-margin-bottom:84px;\"><div class=\"reading-box\" style=\"background-color:#f6f6f6;border-width:1px;border-color:#f6f6f6;border-top-width:3px;border-top-color:var(--primary_color);border-style:solid;\"><div class=\"reading-box-additional\"><img decoding=\"async\" class=\"alignnone wp-image-30\" src=\"https:\/\/www.multi-extrakt.ch\/wp-content\/uploads\/2015\/10\/logo_nocca.gif\" alt=\"Logo Nocca\" width=\"101\" height=\"38\" \/><\/p>\n<p>NOCCA &#8211; Pour le consommateur qui appr\u00e9cie les succ\u00e9dan\u00e9s de caf\u00e9 forts et bien \u00e9quilibr\u00e9s. <\/div><div class=\"fusion-clearfix\"><\/div><\/div><\/div><div class=\"fusion-clearfix\"><\/div><\/div><\/div><div class=\"fusion-layout-column fusion_builder_column fusion-builder-column-4 fusion_builder_column_1_4 1_4 fusion-one-fourth fusion-column-last\" style=\"--awb-bg-size:cover;width:22%;\"><div class=\"fusion-column-wrapper fusion-flex-column-wrapper-legacy\"><div class=\"fusion-reading-box-container reading-box-container-4 hausmarken-box\" style=\"--awb-title-color:#333333;--awb-margin-top:0px;--awb-margin-bottom:84px;\"><div class=\"reading-box\" style=\"background-color:#f6f6f6;border-width:1px;border-color:#f6f6f6;border-top-width:3px;border-top-color:var(--primary_color);border-style:solid;\"><div class=\"reading-box-additional\"><img decoding=\"async\" class=\"alignnone size-full wp-image-27\" src=\"https:\/\/www.multi-extrakt.ch\/wp-content\/uploads\/2015\/10\/logo_belmix.gif\" alt=\"Logo Belmix\" width=\"136\" height=\"38\" \/><\/p>\n<p>BELMIX &#8211; Cette marque repr\u00e9sente la diversit\u00e9 des m\u00e9langes de succ\u00e9dan\u00e9s de caf\u00e9 avec des ingr\u00e9dients comme des \u00e9pices, des sucres, du cacao, de la vanille ou du caf\u00e9.<\/div><div class=\"fusion-clearfix\"><\/div><\/div><\/div><div class=\"fusion-clearfix\"><\/div><\/div><\/div><\/div><\/div>\n","protected":false},"excerpt":{"rendered":"","protected":false},"author":2,"featured_media":0,"parent":0,"menu_order":0,"comment_status":"closed","ping_status":"closed","template":"","meta":{"footnotes":""},"class_list":["post-488","page","type-page","status-publish","hentry"],"_links":{"self":[{"href":"https:\/\/www.multi-extrakt.ch\/fr\/wp-json\/wp\/v2\/pages\/488","targetHints":{"allow":["GET"]}}],"collection":[{"href":"https:\/\/www.multi-extrakt.ch\/fr\/wp-json\/wp\/v2\/pages"}],"about":[{"href":"https:\/\/www.multi-extrakt.ch\/fr\/wp-json\/wp\/v2\/types\/page"}],"author":[{"embeddable":true,"href":"https:\/\/www.multi-extrakt.ch\/fr\/wp-json\/wp\/v2\/users\/2"}],"replies":[{"embeddable":true,"href":"https:\/\/www.multi-extrakt.ch\/fr\/wp-json\/wp\/v2\/comments?post=488"}],"version-history":[{"count":7,"href":"https:\/\/www.multi-extrakt.ch\/fr\/wp-json\/wp\/v2\/pages\/488\/revisions"}],"predecessor-version":[{"id":2149,"href":"https:\/\/www.multi-extrakt.ch\/fr\/wp-json\/wp\/v2\/pages\/488\/revisions\/2149"}],"wp:attachment":[{"href":"https:\/\/www.multi-extrakt.ch\/fr\/wp-json\/wp\/v2\/media?parent=488"}],"curies":[{"name":"wp","href":"https:\/\/api.w.org\/{rel}","templated":true}]}}

<div class="fusion-fullwidth fullwidth-box fusion-builder-row-1 nonhundred-percent-fullwidth non-hundred-percent-height-scrolling" style="--awb-background-position:left top;--awb-border-radius-top-left:0px;--awb-border-radius-top-right:0px;--awb-border-radius-bottom-right:0px;--awb-border-radius-bottom-left:0px;--awb-padding-top:20px;--awb-padding-bottom:20px;--awb-border-sizes-top:0px;--awb-border-sizes-bottom:0px;--awb-flex-wrap:wrap;" ><div class="fusion-builder-row fusion-row"><div class="fusion-layout-column fusion_builder_column fusion-builder-column-0 fusion_builder_column_1_1 1_1 fusion-one-full fusion-column-first fusion-column-last fusion-column-no-min-height" style="--awb-bg-size:cover;--awb-margin-bottom:0px;"><div class="fusion-column-wrapper fusion-flex-column-wrapper-legacy"><div class="fusion-text fusion-text-1"><p>La plupart de nos clients désirent la commercialisation des produits (fabriqués par nous-même) sous leurs propres marques et label.</p>
<p>C’est pourquoi le plus souvent, notre nom ne figure pas sur nos produits.</p>
<p>Mais nous pouvons aussi mettre à votre disposition nos propres marques:</p>
</div><div class="fusion-clearfix"></div></div></div><div class="fusion-layout-column fusion_builder_column fusion-builder-column-1 fusion_builder_column_1_4 1_4 fusion-one-fourth fusion-column-first" style="--awb-bg-size:cover;width:22%; margin-right: 4%;"><div class="fusion-column-wrapper fusion-flex-column-wrapper-legacy"><div class="fusion-reading-box-container reading-box-container-1 hausmarken-box" style="--awb-title-color:#333333;--awb-margin-top:0px;--awb-margin-bottom:84px;"><div class="reading-box" style="background-color:#f6f6f6;border-width:1px;border-color:#f6f6f6;border-top-width:3px;border-top-color:var(--primary_color);border-style:solid;"><div class="reading-box-additional"><img decoding="async" class="alignnone wp-image-29" src="https://www.multi-extrakt.ch/wp-content/uploads/2015/10/logo_bevita.gif" alt="Logo Bevita" width="88" height="38" /></p>
<p>BEVITA &#8211; La marque pour les cafés et les cafés mélangés.</div><div class="fusion-clearfix"></div></div></div><div class="fusion-clearfix"></div></div></div><div class="fusion-layout-column fusion_builder_column fusion-builder-column-2 fusion_builder_column_1_4 1_4 fusion-one-fourth" style="--awb-bg-size:cover;width:22%; margin-right: 4%;"><div class="fusion-column-wrapper fusion-flex-column-wrapper-legacy"><div class="fusion-reading-box-container reading-box-container-2 hausmarken-box" style="--awb-title-color:#333333;--awb-margin-top:0px;--awb-margin-bottom:84px;"><div class="reading-box" style="background-color:#f6f6f6;border-width:1px;border-color:#f6f6f6;border-top-width:3px;border-top-color:var(--primary_color);border-style:solid;"><div class="reading-box-additional"><img decoding="async" class="alignnone wp-image-28" src="https://www.multi-extrakt.ch/wp-content/uploads/2015/10/logo_bevica.gif" alt="Logo Bevica" width="69" height="38" /></p>
<p>BEVICA &#8211; Le succédané torréfié classique, pour les connaisseurs de boissons aux céréales.</div><div class="fusion-clearfix"></div></div></div><div class="fusion-clearfix"></div></div></div><div class="fusion-layout-column fusion_builder_column fusion-builder-column-3 fusion_builder_column_1_4 1_4 fusion-one-fourth" style="--awb-bg-size:cover;width:22%; margin-right: 4%;"><div class="fusion-column-wrapper fusion-flex-column-wrapper-legacy"><div class="fusion-reading-box-container reading-box-container-3 hausmarken-box" style="--awb-title-color:#333333;--awb-margin-top:0px;--awb-margin-bottom:84px;"><div class="reading-box" style="background-color:#f6f6f6;border-width:1px;border-color:#f6f6f6;border-top-width:3px;border-top-color:var(--primary_color);border-style:solid;"><div class="reading-box-additional"><img decoding="async" class="alignnone wp-image-30" src="https://www.multi-extrakt.ch/wp-content/uploads/2015/10/logo_nocca.gif" alt="Logo Nocca" width="101" height="38" /></p>
<p>NOCCA &#8211; Pour le consommateur qui apprécie les succédanés de café forts et bien équilibrés. </div><div class="fusion-clearfix"></div></div></div><div class="fusion-clearfix"></div></div></div><div class="fusion-layout-column fusion_builder_column fusion-builder-column-4 fusion_builder_column_1_4 1_4 fusion-one-fourth fusion-column-last" style="--awb-bg-size:cover;width:22%;"><div class="fusion-column-wrapper fusion-flex-column-wrapper-legacy"><div class="fusion-reading-box-container reading-box-container-4 hausmarken-box" style="--awb-title-color:#333333;--awb-margin-top:0px;--awb-margin-bottom:84px;"><div class="reading-box" style="background-color:#f6f6f6;border-width:1px;border-color:#f6f6f6;border-top-width:3px;border-top-color:var(--primary_color);border-style:solid;"><div class="reading-box-additional"><img decoding="async" class="alignnone size-full wp-image-27" src="https://www.multi-extrakt.ch/wp-content/uploads/2015/10/logo_belmix.gif" alt="Logo Belmix" width="136" height="38" /></p>
<p>BELMIX &#8211; Cette marque représente la diversité des mélanges de succédanés de café avec des ingrédients comme des épices, des sucres, du cacao, de la vanille ou du café.</div><div class="fusion-clearfix"></div></div></div><div class="fusion-clearfix"></div></div></div></div></div>
